5 is divided by 41?
38
Calculate the remainder when 978 is divided by 89.
88
What is the remainder when 920 is divided by 22?
18
What is the remainder when 418 is divided by 42?
40
Calculate the remainder when 126453 is divided by 132.
129
Calculate the remainder when 1724 is divided by 69.
68
What is the remainder when 117 is divided by 31?
24
What is the remainder when 109 is divided by 37?
35
What is the remainder when 122 is divided by 43?
36
What is the remainder when 31899 is divided by 110?
109
Calculate the remainder when 657 is divided by 103.
39
What is the remainder when 1202 is divided by 134?
130
What is the remainder when 34 is divided by 14?
6
Calculate the remainder when 71 is divided by 11.
5
What is the remainder when 853 is divided by 14?
13
What is the remainder when 2876 is divided by 30?
26
Calculate the remainder when 228 is divided by 62.
42
Calculate the remainder when 176 is divided by 10.
6
What is the remainder when 2434 is divided by 84?
82
Calculate the remainder when 1501 is divided by 16.
13
What is the remainder when 58 is divided by 12?
10
Calculate the remainder when 1103 is divided by 7.
4
What is the remainder when 19 is divided by 4?
3
Calculate the remainder when 2546 is divided by 64.
50
What is the remainder when 108 is divided by 82?
26
Calculate the remainder when 306 is divided by 22.
20
What is the remainder when 249 is divided by 9?
6
Calculate the remainder when 445 is divided by 45.
40
Calculate the remainder when 445 is divided by 28.
25
Calculate the remainder when 812 is divided by 40.
12
What is the remainder when 3301 is divided by 236?
233
Calculate the remainder when 2621 is divided by 23.
22
Calculate the remainder when 1785 is divided by 125.
35
Calculate the remainder when 3721 is divided by 19.
16
Calculate the remainder when 138 is divided by 16.
10
What is the remainder when 60 is divided by 24?
12
What is the remainder when 480 is divided by 143?
51
What is the remainder when 126 is divided by 8?
6
Calculate the remainder when 359 is divided by 60.
59
Calculate the remainder when 209 is divided by 24.
17
What is the remainder when 261 is divided by 42?
9
What is the remainder when 2445 is divided by 50?
45
What is the remainder when 16464 is divided by 90?
84
Calculate the remainder when 426 is divided by 36.
30
What is the remainder when 348 is divided by 50?
48
What is the remainder when 101 is divided by 15?
11
What is the remainder when 4493 is divided by 14?
13
What is the remainder when 80 is divided by 49?
31
Calculate the remainder when 194 is divided by 182.
12
What is the remainder when 469 is divided by 159?
151
Calculate the remainder when 122 is divided by 88.
34
What is the remainder when 512 is divided by 264?
248
Calculate the remainder when 794 is divided by 222.
128
Calculate the remainder when 92 is divided by 36.
20
What is the remainder when 266 is divided by 72?
50
Calculate the remainder when 304 is divided by 103.
98
What is the remainder when 3869 is divided by 56?
5
What is the remainder when 765 is divided by 11?
6
What is the remainder when 58 is divided by 9?
4
Calculate the remainder when 2502 is divided by 44.
38
What is the remainder when 745 is divided by 186?
1
Calculate the remainder when 1138 is divided by 10.
8
Calculate the remainder when 407 is divided by 79.
12
What is the remainder when 759 is divided by 173?
67
What is the remainder when 387 is divided by 46?
19
What is the remainder when 586 is divided by 430?
156
Calculate the remainder when 258 is divided by 38.
30
Calculate the remainder when 84 is divided by 13.
6
Calculate the remainder when 859 is divided by 427.
5
What is the remainder when 536 is divided by 108?
104
Calculate the remainder when 5579 is divided by 4.
3
Calculate the remainder when 371 is divided by 126.
119
Calculate the remainder when 563 is divided by 142.
137
Calculate the remainder when 405 is divided by 51.
48
What is the remainder when 159 is divided by 85?
74
What is the remainder when 422 is divided by 122?
56
What is the remainder when 719 is divided by 36?
35
Calculate the remainder when 22 is divided by 9.
4
Calculate the remainder when 3360 is divided by 1679.
2
Calculate the remainder when 200 is divided by 2.
0
What is the remainder when 15593 is divided by 15?
8
What is the remainder when 596 is divided by 29?
16
What is the remainder when 111 is divided by 1?
0
Calculate the remainder when 22882 is divided by 23.
20
What is the remainder when 446 is divided by 378?
68
What is the remainder when 3256 is divided by 23?
13
Calculate the remainder when 884 is divided by 127.
122
Calculate the remainder when 3362 is divided by 99.
95
Calculate the remainder when 293 is divided by 265.
28
What is the remainder when 1585 is divided by 47?
34
Calculate the remainder when 29 is divided by 29.
0
Calculate the remainder when 1210 is divided by 209.
165
What is the remainder when 159 is divided by 14?
5
What is the remainder when 242 is divided by 19?
14
What is the remainder when 436 is divided by 55?
51
What is the remainder when 11 is divided by 6?
5
Calculate the remainder when 10485 is divided by 57.
54
Calculate the remainder when 76 is divided by 9.
4
What is the remainder when 106 is divided by 24?
10
What is the remainder when 13 is divided by 5?
3
What is the remainder when 103 is divided by 29?
16
What is the remainder when 540 is divided by 95?
65
What is the remainder when 751 is divided by 460?
291
What is the remainder when 1818 is divided by 20?
18
What is the remainder when 756 is divided by 24?
12
What is the remainder when 458 is divided by 10?
8
What is the remainder when 78 is divided by 43?
35
Calculate the remainder when 831 is divided by 132.
39
Calculate the remainder when 323 is divided by 81.
80
What is the remainder when 1885 is divided by 940?
5
Calculate the remainder when 402 is divided by 12.
6
Calculate the remainder when 91 is divided by 83.
8
Calculate the remainder when 29 is divided by 22.
7
Calculate the remainder when 47 is divided by 36.
11
Calculate the remainder when 506 is divided by 20.
6
What is the remainder when 207 is divided by 13?
12
What is the remainder when 5334 is divided by 46?
44
What is the remainder when 441 is divided by 34?
33
What is the remainder when 1763 is divided by 6?
5
Calculate the remainder when 59 is divided by 15.
14
What is the remainder when 303 is divided by 28?
23
Calculate the remainder when 3849 is divided by 25.
24
What is the remainder when 426 is divided by 32?
10
Calculate the remainder when 109 is divided by 62.
47
What is the remainder when 1284 is divided by 39?
36
Calculate the remainder when 652 is divided by 322.
8
What is the remainder when 1008 is divided by 112?
0
What is the remainder when 292 is divided by 92?
16
Calculate the remainder when 246 is divided by 9.
3
What is the remainder when 2830 is divided by 19?
18
Calculate the remainder when 873 is divided by 169.
28
Calculate the remainder when 271 is divided by 52.
11
What is the remainder when 1197 is divided by 93?
81
What is the remainder when 1299 is divided by 23?
11
What is the remainder when 98 is divided by 54?
44
What is the remainder when 401 is divided by 24?
17
Calculate the remainder when 354 is divided by 30.
24
What is the remainder when 108 is divided by 10?
8
Calculate the remainder when 2143 is divided by 33.
31
Calculate the remainder when 1894 is divided by 24.
22
What is the remainder when 418 is divided by 30?
28
Calculate the remainder when 25 is divided by 14.
11
What is the remainder when 959 is divided by 48?
47
Calculate the remainder when 123 is divided by 68.
55
Calculate the remainder when 1088 is divided by 77.
10
What is the remainder when 536 is divided by 174?
14
Calculate the remainder when 103 is divided by 32.
7
What is the remainder when 281 is divided by 71?
68
Calculate the remainder when 345 is divided by 61.
40
Calculate the remainder when 53 is divided by 28.
25
What is the remainder when 1583 is divided by 72?
71
What is the remainder when 85 is divided by 30?
25
What is the remainder when 195 is divided by 49?
48
Calculate the remainder when 23323 is divided by 17.
16
Calculate the remainder when 539 is divided by 27.